 the prime factors of 419760.
2, 3, 5, 11, 53
List the prime factors of 1316662.
2, 19, 34649
List the prime factors of 327027.
3, 67, 1627
What are the prime factors of 716148?
2, 3, 19, 349
What are the prime factors of 2623861?
2623861
What are the prime factors of 261059?
261059
List the prime factors of 1426193.
233, 6121
List the prime factors of 198932.
2, 41, 1213
What are the prime factors of 1936499?
19, 101921
What are the prime factors of 1142440?
2, 5, 13
What are the prime factors of 2901036?
2, 3, 23, 457
List the prime factors of 646164.
2, 3, 31, 193
List the prime factors of 196230.
2, 3, 5, 31, 211
What are the prime factors of 4717568?
2, 17, 271
List the prime factors of 3115992.
2, 3, 11, 29, 37
List the prime factors of 3972235.
5, 19, 41813
List the prime factors of 5276904.
2, 3, 219871
List the prime factors of 217583.
17, 12799
List the prime factors of 1397694.
2, 3, 281, 829
List the prime factors of 386388.
2, 3, 10733
What are the prime factors of 1375543?
13, 19, 5569
List the prime factors of 1613654.
2, 7, 79, 1459
What are the prime factors of 9594562?
2, 17, 31, 9103
What are the prime factors of 249606?
2, 3, 7, 283
List the prime factors of 302400.
2, 3, 5, 7
What are the prime factors of 1144066?
2, 7, 11, 17, 19, 23
What are the prime factors of 4434609?
3, 1478203
List the prime factors of 86405.
5, 11, 1571
List the prime factors of 239782.
2, 119891
List the prime factors of 460955.
5, 11, 17, 29
What are the prime factors of 229404?
2, 3, 7, 2731
What are the prime factors of 42427?
7, 11, 19, 29
What are the prime factors of 1927280?
2, 5, 24091
List the prime factors of 949521.
3, 316507
What are the prime factors of 7319173?
7319173
List the prime factors of 994378.
2, 7, 11, 587
What are the prime factors of 23548?
2, 7, 29
What are the prime factors of 427948?
2, 83, 1289
What are the prime factors of 758643?
3, 252881
List the prime factors of 497947.
17, 1723
List the prime factors of 4589771.
4589771
What are the prime factors of 39392?
2, 1231
List the prime factors of 425318.
2, 109, 1951
List the prime factors of 645350.
2, 5, 12907
What are the prime factors of 320685?
3, 5, 21379
List the prime factors of 16965541.
17, 997973
List the prime factors of 1216503.
3, 17, 7951
List the prime factors of 23986100.
2, 5, 131, 1831
List the prime factors of 728403.
3, 13, 19, 983
List the prime factors of 243123.
3, 81041
List the prime factors of 38639.
38639
List the prime factors of 1300645.
5, 19, 13691
List the prime factors of 28529.
47, 607
List the prime factors of 2290225.
5, 7, 23, 569
What are the prime factors of 40370925?
3, 5, 7, 131, 587
List the prime factors of 4618686.
2, 3, 769781
List the prime factors of 583500.
2, 3, 5, 389
List the prime factors of 607191.
3, 13, 15569
What are the prime factors of 86162?
2, 67, 643
List the prime factors of 237629.
7, 83, 409
List the prime factors of 6414265.
5, 11, 13, 8971
List the prime factors of 14274811.
97, 147163
What are the prime factors of 1345467?
3, 541, 829
What are the prime factors of 1776969?
3, 197441
List the prime factors of 1376320.
2, 5, 11, 17, 23
List the prime factors of 3661412.
2, 915353
List the prime factors of 10688235.
3, 5, 197, 3617
List the prime factors of 18791438.
2, 347, 27077
What are the prime factors of 36755399?
509, 72211
What are the prime factors of 1799195?
5, 17, 61, 347
List the prime factors of 6157011.
3, 7, 41, 7151
What are the prime factors of 88316?
2, 22079
List the prime factors of 860074.
2, 457, 941
What are the prime factors of 3792597?
3, 1264199
What are the prime factors of 609776?
2, 23, 1657
What are the prime factors of 2967698?
2, 67, 22147
List the prime factors of 1312913.
7, 187559
List the prime factors of 8564178.
2, 3, 7, 203909
What are the prime factors of 524857?
524857
List the prime factors of 151731.
3, 23, 733
What are the prime factors of 1667787?
3, 11, 50539
What are the prime factors of 9172973?
431, 21283
List the prime factors of 3216660.
2, 3, 5, 53611
What are the prime factors of 1319187?
3, 439729
List the prime factors of 411718.
2, 139, 1481
List the prime factors of 45667.
45667
List the prime factors of 5178337.
5178337
What are the prime factors of 17376659?
19, 914561
What are the prime factors of 113635?
5, 22727
What are the prime factors of 1948709?
7, 278387
What are the prime factors of 31435?
5, 6287
List the prime factors of 233128.
2, 7, 23, 181
What are the prime factors of 18620610?
2, 3, 5, 17, 29, 1259
List the prime factors of 2763238.
2, 487, 2837
List the prime factors of 278820.
2, 3, 5, 1549
List the prime factors of 112349.
112349
List the prime factors of 1451140.
2, 5, 37, 53
List the prime factors of 1648830.
2, 3, 5, 17, 53, 61
What are the prime factors of 53389?
7, 29, 263
List the prime factors of 163947.
3, 7, 37, 211
List the prime factors of 100951.
157, 643
What are the prime factors of 172640?
2, 5, 13, 83
List the prime factors of 1772142.
2, 3, 295357
List the prime factors of 791046.
2, 3, 19, 257
List the prime factors of 13318677.
3, 19, 71, 1097
List the prime factors of 484253.
7, 11, 19, 331
What are the prime factors of 377345?
5, 163, 463
List the prime factors of 7286710.
2, 5, 17, 42863
What are the prime factors of 605624?
2, 75703
List the prime factors of 1317324.
2, 3, 151, 727
What are the prime factors of 1056442?
2, 167, 3163
What are the prime factors of 4340174?
2, 37, 89, 659
What are the prime factors of 599811?
3, 17, 19, 619
What are the prime factors of 122850?
2, 3, 5, 7, 13
What are the prime factors of 161803?
239, 677
List the prime factors of 182912.
2, 1429
List the prime factors of 341696.
2, 19, 281
What are the prime factors of 1369835?
5, 273967
List the prime factors of 20969751.
3, 11, 97, 6551
List the prime factors of 40234292.
2, 7, 131, 1567
What are the prime factors of 257919?
3, 149, 577
List the prime factors of 2054063.
11, 186733
What are the prime factors of 1717787?
1717787
What are the prime factors of 868854?
2, 3, 7, 137, 151
List the prime factors of 2357858.
2, 113, 10433
List the prime factors of 8760187.
8760187
List the prime factors of 5210349.
3, 59, 29437
List the prime factors of 7843148.
2, 1960787
List the prime factors of 1886164.
2, 7, 31, 41, 53
List the prime factors of 1714352.
2, 109, 983
List the prime factors of 6658686.
2, 3, 4567
What are the prime factors of 3216662?
2, 19, 84649
List the prime factors of 86036.
2, 137, 157
What are the prime factors of 2069873?
13, 89, 1789
List the prime factors of 596687.
7, 13, 79, 83
List the prime factors of 253248.
2, 3, 1319
List the prime factors of 69871.
107, 653
What are the prime factors of 220828?
2, 55207
What are the prime factors of 15189240?
2, 3, 5, 11, 37, 311
What are the prime factors of 759064?
2, 239, 397
What are the prime factors of 75941?
75941
List the prime factors of 364588.
2, 7, 29, 449
List the prime factors of 389211.
3, 129737
List the prime factors of 208938.
2, 3, 97, 359
List the prime factors of 6026176.
2, 13, 7243
What are the prime factors of 591066?
2, 3, 7, 4691
What are the prime factors of 5578871?
5578871
List the prime factors of 195321.
3, 7, 71, 131
List the prime factors of 783415.
5, 156683
What are the prime factors of 848843?
848843
List the prime factors of 385110.
2, 3, 5, 11, 389
What are the prime factors of 8467576?
2, 13, 6263
What are the prime factors of 1973223?
3, 7, 31321
List the prime factors of 1701758.
2, 850879
List the prime factors of 3249238.
2, 103, 15773
List the prime factors of 11094061.
11, 67, 15053
What are the prime factors of 1621101?
3, 540367
List the prime factors of 10185742.
2, 7, 67, 10859
List the prime factors of 17189212.
2, 4297303
List the prime factors of 1843864.
2, 11, 23, 911
What are the prime factors of 8816855?
5, 19, 92809
What are the prime factors of 7009829?
397, 17657
What are the prime factors of 129883?
13, 97, 103
What are the prime factors of 5642294?
2, 7, 467, 863
What are the prime factors of 15151767?
3, 797, 6337
List the prime factors of 117142.
2, 37, 1583
List the prime factors of 3723095.
5, 211, 3529
List the prime factors of 2453754.
2, 3, 408959
List the prime factors of 1358798.
2, 7,